9802, -u - 10*b + 15*b + 4913 = 0. Is u a multiple of 42?
False
Let g(v) = -24*v - 1225. Does 7 divide g(-56)?
True
Suppose -16*y + 19*y - 18*y = -67770. Is 22 a factor of y?
False
Let z(u) = -u**3 + 6*u**2 + u - 3. Let c be z(6). Suppose q - 3*q + c*q = 0. Suppose -4*n = 5*o - 88, -2*o - n + 25 + 9 = q. Is o a multiple of 8?
True
Let h be ((-5)/((-50)/12))/(12/6320). Let z = -503 + h. Does 3 divide z?
True
Let d be 36/(-198) - (-18)/(-22). Let v(p) = -52*p**2 - 2. Let q be v(d). Does 33 divide (-22)/(-3*(-6)/q)?
True
Let f be ((-36)/(-8) + -4)/((-2)/(-164)). Let l = 0 + f. Suppose r + 4*s - 36 = -0*r, -r + l = 3*s. Does 8 divide r?
True
Let p(a) = 689*a - 3313. Is p(28) a multiple of 67?
False
Is 3 a factor of (-11)/(2 + 4 + (-4012)/668)?
False
Suppose 1510653 = 36*g + 387885. Does 69 divide g?
True
Let r(q) = 3*q**2 + 4*q + 3. Let d be r(-2). Let g = d + -4. Suppose 3*c + 0*m - 5*m - 30 = 0, g*m = -9. Does 3 divide c?
False
Let v(c) = -9*c**2 - 14*c + 22. Let a(k) = 9*k**2 + 15*k - 23. Let z(w) = -4*a(w) - 5*v(w). Is 69 a factor of z(-9)?
True
Let i(c) = -8*c**2 + 57*c - 3. Let p be i(7). Suppose 2*l - 415 = d, -185 = -5*l + 4*l - p*d. Is l a multiple of 7?
False
Suppose 2*l = -5*i + 24, -4*l - i = -5 - 7. Let k be (10/15 + l)/((-2)/(-3)). Does 5 divide ((4/1)/k)/((-3)/(-15))?
True
Let v be (-72)/54*6/(-2). Suppose 3*g - 2*w = -g + 8, 2*g - v = -5*w. Suppose -4*o = 5*c - g*c - 212, 4*o = c - 76. Does 18 divide c?
True
Suppose 242*m - 739614 - 1726199 - 710195 = 0. Does 13 divide m?
False
Let w(q) = q**3 - 8*q**2 - 3*q + 9. Let f(o) = -o**3 + 9*o**2 + 2*o - 7. Let m(z) = -3*f(z) - 2*w(z). Let y = 24 + -13. Is 3 a factor of m(y)?
True
Suppose -2*i - 104832 = -i - 57*i. Does 117 divide i?
True
Let d(n) = -3*n**3 + 3*n**2 + n + 146. Let x(l) = -8*l**3 + 7*l**2 + 3*l + 293. Let t(g) = 5*d(g) - 2*x(g). Does 9 divide t(0)?
True
Let f(a) = -7*a**2 - 7 - a**2 - 252*a + 7*a**2 + 292*a. Suppose 0*s - 52 = -2*s. Does 15 divide f(s)?
False
Let u = 18128 - -2472. Is u a multiple of 136?
False
Suppose 2*z + 307*m - 3827 = 306*m, 5*z + m - 9575 = 0. Is z a multiple of 65?
False
Let x(z) = 223*z**2 + 439*z - 32. Is 18 a factor of x(-5)?
True
Let y be 2/(-10) - (-897)/(-115). Let j be (-2)/3*(y + 22386/(-12)). Suppose 4*b + 1564 = 5*g, 2*b = -4*g + 3*b + j. Does 12 divide g?
True
Let o be 136/24 + (-4)/6. Suppose -4*b = -o*b - 6. Is 21 a factor of (-242)/(-2) + b/(-6)?
False
Let l(t) = -t**3 + 11*t**2 - t + 24. Let g be (-6 + 3)/(6/(-20)). Let x be -33*(-1 + g/15). Is 4 a factor of l(x)?
False
Suppose 0 = -4*o - 4*f + 20496, o - f - 863 = 4261. Is 14 a factor of o?
True
Let w = -3181 - -3547. Does 2 divide w?
True
Suppose 0 = -76*t + 2405753 + 3875081 - 1992154. Is t a multiple of 66?
True
Suppose 9*p + 48 = 13*p. Let u be (-882)/8*(-32)/p. Suppose -5*f = -d - d + 273, 2*d + 2*f - u = 0. Is 34 a factor of d?
False
Let u(z) = 124*z + 7356. Does 39 divide u(147)?
True
Let q(c) be the third derivative of c**5/60 + c**4/3 + 23*c**3/6 + 233*c**2. Suppose 0 = 2*o + 25 - 7. Is 16 a factor of q(o)?
True
Let w = 13 - -2. Let i = w - -81. Does 44 divide ((-7)/((-105)/i) + -2)*45?
False
Let w = 199 + -196. Suppose 0 = -2*x + 2*p - w*p + 695, 0 = -4*x - 3*p + 1395. Does 15 divide x?
True
Suppose 4266 = 5*j - 3*v, -760 = -j - 3*v + 104. Is 15 a factor of j?
True
Let o(p) = -14*p - 8. Let n be o(3). Let y = 56 + n. Suppose -2*j = y*j - 1672. Is j a multiple of 29?
False
Let a(f) = 54*f**2 - 17*f - 1. Suppose 68 = n + 66. Does 6 divide a(n)?
False
Suppose -2*x + 5*x + 2*z = 148, 4*x = -3*z + 198. Suppose -x = 5*a + 12. Is 96 + a/3 + 1 a multiple of 31?
True
Let d(y) = 2*y + 2. Let l(s) = -7*s**3 + 2*s**2 + s. Let n be l(-1). Let c be d(n). Does 39 divide (20/(-15))/(4/c)*-39?
True
Is 8 a factor of (-2306)/(-4) + (-11)/22?
True
Suppose j - 5*k = 22, 5*j + 4*k = 8*k + 26. Suppose -53 = -5*n + 252. Suppose -2*v - 6*h + j*h + 94 = 0, v - 5*h = n. Does 17 divide v?
True
Suppose -t + 47960 = 2*f, -29*f + 24*f - t + 119900 = 0. Is 80 a factor of f?
False
Let u = -746 - -1410. Let o = 875 - u. Is o a multiple of 53?
False
Suppose -w = 2 - 4. Suppose -114 = -w*v + 34. Let y = v + -40. Is y a multiple of 13?
False
Suppose 0*d - 14*d + 74660 = -4*d. Is 19 a factor of d?
False
Suppose 5*s - 197 = 418. Suppose n - s = -3*k, -514 = -4*n + k - 87. Is n a multiple of 3?
True
Let q(z) = 105*z - 61. Let c be q(1). Is 22/c - 31/(-2) even?
True
Suppose 2*s + 440 = 4*r - 2*s, -2*s = r - 98. Suppose -3*v + 13*i + 60 = 10*i, -5*v = i - r. Is v a multiple of 7?
True
Suppose 4*q + 4*q = 64. Suppose -q*m - 56 = -12*m. Is 1043/m - (-1)/2 a multiple of 21?
False
Suppose 44*g + 4315680 = 92*g + 222*g. Does 16 divide g?
True
Let u(r) = 5*r - 24 - 52*r**2 + 0*r + 53*r**2 + 0*r. Let y be u(-9). Let f = y + 18. Is 10 a factor of f?
True
Is (1497 + 82)/(3/9) - 2/(-2) a multiple of 65?
False
Let x(z) = -10*z**3 + 19*z**2 - 15*z - 7. Does 41 divide x(-4)?
False
Let x(l) be the second derivative of -3*l**3/2 + 69*l**2/2 + 243*l. Does 17 divide x(2)?
True
Let z(y) = 8*y**2 + y - 12. Let o be z(3). Let x be 931/o + (0 - 2/(-9)). Suppose 17*r - 410 = x*r. Is r a multiple of 17?
False
Let z(o) = 5*o**2 - 5*o + 1. Let b(n) = -n**3 + 21*n**2 - 39*n + 12. Let p be b(19). Is 13 a factor of z(p)?
False
Let t = -87 - -91. Let v(u) = 2*u + 5. Let g(d) = -3*d - 5. Let k(l) = t*v(l) + 3*g(l). Is k(-7) a multiple of 4?
True
Let a(s) = 10*s**2 + 2*s**3 - 14 - 8*s + 3*s - 7*s - s**3. Let l be a(-11). Is 7 a factor of (-468)/(-15) + l/(-45)*-3?
False
Let y = 62 + -60. Suppose -y*q - 6 = -4*d - 0*d, 5*d + q = -3. Suppose 4*v - 2*v - 276 = d. Does 23 divide v?
True
Suppose 15 = 5*q + 4*s, 2*q - 4*s - 6 = -2*s. Suppose 0 = -2*y - 5*k + 454, 175 + 74 = y - q*k. Is y a multiple of 22?
False
Let p(a) be the first derivative of -a**7/840 + 7*a**6/360 - a**5/40 + a**3 - 15. Let i(j) be the third derivative of p(j). Does 6 divide i(6)?
True
Suppose 14*b = 2*b + 24. Suppose 790 = 2*q - 2*t, 0*q + b*t - 1586 = -4*q. Is q a multiple of 66?
True
Let t(a) = 395*a**2 + 4*a + 4. Let x = -60 + 59. Let c be t(x). Suppose 10*d - 245 = c. Does 16 divide d?
True
Suppose 16757 = 3*t - 22*g + 17*g, -4*t + 22386 = 2*g. Does 116 divide t?
False
Let x(v) = -75*v - 123. Let s be x(8). Is (-7 + 6)/(s/360 - -2) a multiple of 12?
True
Let t = 196 + -202. Let s(x) = 9*x**2 - 18*x - 32. Is s(t) a multiple of 16?
True
Suppose -5*m + 2 + 13 = z, -2*z = m - 3. Suppose 5*u = -5*o + 30, u = -m*u + 5*o - 12. Suppose -3*b - u*b = -3*k - 1335, -20 = 4*k. Is b a multiple of 16?
False
Let q be (-32)/(-6)*(-2 - (-282)/24). Let m = -49 + q. Suppose 2*u + u - 243 = -4*a, m*u - 123 = -2*a. Is a a multiple of 12?
True
Let f(k) = 14*k**2 - 28 - 17*k**2 + 22*k**2 + 3*k - k**3. Is 15 a factor of f(14)?
False
Let v(u) = -20*u + 4. Let g(z) = 23*z - 4. Let c(j) = 4*g(j) + 6*v(j). Is c(-5) a multiple of 37?
True
Let a be 112/35*(-3000)/(-5). Suppose -i - 2*i = -a. Does 27 divide i?
False
Is 11 a factor of 17693210/645 + (-20)/6?
False
Is (23/((-69)/3483))/(2 - 38/16) a multiple of 43?
True
Let k(q) be the third derivative of q**6/120 + q**4/12 + 30*q**3 + 21*q**2. Let m be k(0). Suppose -b + m = 2*b. Does 27 divide b?
False
Does 126 divide -5*((-129592)/(-12))/((-210)/63)?
False
Let o(x) = 4*x**3 - 7*x**2 - 21*x - 11. Let h be o(7). Suppose 5*b = 4*s - 3*s + 1065, 4*b + 3*s = h. Is 41 a factor of b?
False
Suppose -2641 = -h - 5*d, -21*d + 7942 = 3*h - 25*d. Is h a multiple of 98?
True
Suppose -12*k = -0*k - 12. Does 12 divide (-36)/(-1) + (2 + k - 7)?
False
Suppose 24*w - 8884 = -21*w + 235061. Is 22 a factor of w?
False
Suppose 5*z - z = 8. Let u(r) = 11*r + r**z - 18*r + 7 + 6*r. Is 11 a factor of u(8)?
False
Let n(p) = p**3 - 27*p**2 - 2*p + 50. Let x be n(27). Is (x/(-6))/(76/3306) a multiple of 3?
False
Is 12 a factor of (-30)/(-24) - (-457974)/72?
False
Let u = 7603 + -6137. Is 2 a factor of u?
True
Suppose 39*b + j = 41*b - 2323, 4*b + j = 4631. Is 9 a factor of b?
False
Let u(r) = r**3 - 41*r**2 + 472*r + 57. Does 3 divide u(30)?
True
Suppose -16 = -4*k - i + 2, 5*k - 14 = 3*i. Suppose 12 = 8*b - k*b. Suppose -b*w + 15 = 0, -w = n - 345 + 98. Is 28 a factor of n?
False
Let p = 39 + -22. Suppose 0 = -3*k + 3, 2*v + 3*k = 3*v - p. Let c = v + 18. Does 4 divide c?
Fals